{"id":913,"date":"2025-04-17T17:07:18","date_gmt":"2025-04-17T15:07:18","guid":{"rendered":"https:\/\/gruene-bergedorf.de\/?post_type=sunflower_event&#038;p=913"},"modified":"2025-04-17T17:07:50","modified_gmt":"2025-04-17T15:07:50","slug":"mach-dich-stark-mit-uns-demo-am-1-mai","status":"publish","type":"sunflower_event","link":"https:\/\/gruene-bergedorf.de\/index.php\/termine\/mach-dich-stark-mit-uns-demo-am-1-mai\/","title":{"rendered":"&#8222;Mach dich stark mit uns&#8220; &#8211; Demo am 1.Mai"},"content":{"rendered":"\n<p>Am&nbsp;<strong>1. Mai&nbsp;<\/strong>wollen wir unter dem Motto &#8222;Mach dich stark mit uns&#8220; f\u00fcr eine gerechtere Arbeitswelt auf die Stra\u00dfe gehen. Also packt eure Familien, Freunde, Bekannten, Nachbarn ein und seid dabei.<\/p>\n\n\n\n<p>Der&nbsp;<strong><a href=\"https:\/\/hamburg.dgb.de\/veranstaltungen\/++co++034f1198-ff36-11ef-b61f-cd43f733bafe\" target=\"_blank\" rel=\"noreferrer noopener\">1. Mai in Bergedorf<\/a><\/strong>&nbsp;startet um 10 Uhr am Lohbr\u00fcgger Markt und f\u00fchrt zum Rathauspark Bergedorf. Die Gr\u00fcnen treffen sich bei der Apotheke am Lohbr\u00fcgger Markt.<\/p>\n","protected":false},"excerpt":{"rendered":"<p>Am&nbsp;1. Mai&nbsp;wollen wir unter dem Motto &#8222;Mach dich stark mit uns&#8220; f\u00fcr eine gerechtere Arbeitswelt&#8230;<\/p>\n","protected":false},"author":2,"featured_media":0,"comment_status":"closed","ping_status":"closed","template":"","sunflower_event_tag":[],"class_list":["post-913","sunflower_event","type-sunflower_event","status-publish","hentry"],"_links":{"self":[{"href":"https:\/\/gruene-bergedorf.de\/index.php\/wp-json\/wp\/v2\/sunflower_event\/913","targetHints":{"allow":["GET"]}}],"collection":[{"href":"https:\/\/gruene-bergedorf.de\/index.php\/wp-json\/wp\/v2\/sunflower_event"}],"about":[{"href":"https:\/\/gruene-bergedorf.de\/index.php\/wp-json\/wp\/v2\/types\/sunflower_event"}],"author":[{"embeddable":true,"href":"https:\/\/gruene-bergedorf.de\/index.php\/wp-json\/wp\/v2\/users\/2"}],"replies":[{"embeddable":true,"href":"https:\/\/gruene-bergedorf.de\/index.php\/wp-json\/wp\/v2\/comments?post=913"}],"wp:attachment":[{"href":"https:\/\/gruene-bergedorf.de\/index.php\/wp-json\/wp\/v2\/media?parent=913"}],"wp:term":[{"taxonomy":"sunflower_event_tag","embeddable":true,"href":"https:\/\/gruene-bergedorf.de\/index.php\/wp-json\/wp\/v2\/sunflower_event_tag?post=913"}],"curies":[{"name":"wp","href":"https:\/\/api.w.org\/{rel}","templated":true}]}}

<p>Am&nbsp;<strong>1. Mai&nbsp;</strong>wollen wir unter dem Motto &#8222;Mach dich stark mit uns&#8220; für eine gerechtere Arbeitswelt auf die Straße gehen. Also packt eure Familien, Freunde, Bekannten, Nachbarn ein und seid dabei.</p>



<p>Der&nbsp;<strong><a href="https://hamburg.dgb.de/veranstaltungen/++co++034f1198-ff36-11ef-b61f-cd43f733bafe" target="_blank" rel="noreferrer noopener">1. Mai in Bergedorf</a></strong>&nbsp;startet um 10 Uhr am Lohbrügger Markt und führt zum Rathauspark Bergedorf. Die Grünen treffen sich bei der Apotheke am Lohbrügger Markt.</p>

<p>Am&nbsp;1. Mai&nbsp;wollen wir unter dem Motto &#8222;Mach dich stark mit uns&#8220; für eine gerechtere Arbeitswelt&#8230;</p>
