{"id":838,"date":"2025-02-26T12:57:39","date_gmt":"2025-02-26T11:57:39","guid":{"rendered":"https:\/\/gruene-bergedorf.de\/?post_type=sunflower_event&#038;p=838"},"modified":"2025-02-26T13:13:49","modified_gmt":"2025-02-26T12:13:49","slug":"bezirksversammlung-bergedorf-februar-sitzung","status":"publish","type":"sunflower_event","link":"https:\/\/gruene-bergedorf.de\/index.php\/termine\/bezirksversammlung-bergedorf-februar-sitzung\/","title":{"rendered":"Bezirksversammlung Bergedorf &#8211; Februar 2025"},"content":{"rendered":"\n<p>Die Bezirksversammlung ist das zentrale politische Gremium im Bezirk Bergedorf. Zu ihren Kernaufgaben z\u00e4hlen die politische Vertretung und Kontrolle des Bezirksamts, die Vergabe und Verwaltung bezirklicher Mittel sowie die F\u00f6rderung von B\u00fcrgerbeteiligung, um den Bezirk gemeinsam weiterzuentwickeln.<\/p>\n\n\n\n<div style=\"height:40px\" aria-hidden=\"true\" class=\"wp-block-spacer\"><\/div>\n\n\n\n<p>Die <strong>Tagesordnung<\/strong> f\u00fcr die Sitzung am 27.02.2025: <a href=\"https:\/\/sitzungsdienst-bergedorf.hamburg.de\/bi\/to010.asp?SILFDNR=1003050\">https:\/\/sitzungsdienst-bergedorf.hamburg.de\/bi\/to010.asp?SILFDNR=1003050<\/a><\/p>\n\n\n\n<p><strong>Weitere Informationen<\/strong> rund um die Bezirksversammlung: <a href=\"https:\/\/www.hamburg.de\/politik-und-verwaltung\/bezirke\/bergedorf\/bezirksversammlung\">https:\/\/www.hamburg.de\/politik-und-verwaltung\/bezirke\/bergedorf\/bezirksversammlung<\/a><\/p>\n\n\n\n<p><\/p>\n","protected":false},"excerpt":{"rendered":"<p>Die Bezirksversammlung ist das zentrale politische Gremium im Bezirk Bergedorf. Zu ihren Kernaufgaben z\u00e4hlen die&#8230;<\/p>\n","protected":false},"author":3,"featured_media":481,"comment_status":"closed","ping_status":"closed","template":"","sunflower_event_tag":[],"class_list":["post-838","sunflower_event","type-sunflower_event","status-publish","has-post-thumbnail","hentry"],"_links":{"self":[{"href":"https:\/\/gruene-bergedorf.de\/index.php\/wp-json\/wp\/v2\/sunflower_event\/838","targetHints":{"allow":["GET"]}}],"collection":[{"href":"https:\/\/gruene-bergedorf.de\/index.php\/wp-json\/wp\/v2\/sunflower_event"}],"about":[{"href":"https:\/\/gruene-bergedorf.de\/index.php\/wp-json\/wp\/v2\/types\/sunflower_event"}],"author":[{"embeddable":true,"href":"https:\/\/gruene-bergedorf.de\/index.php\/wp-json\/wp\/v2\/users\/3"}],"replies":[{"embeddable":true,"href":"https:\/\/gruene-bergedorf.de\/index.php\/wp-json\/wp\/v2\/comments?post=838"}],"wp:featuredmedia":[{"embeddable":true,"href":"https:\/\/gruene-bergedorf.de\/index.php\/wp-json\/wp\/v2\/media\/481"}],"wp:attachment":[{"href":"https:\/\/gruene-bergedorf.de\/index.php\/wp-json\/wp\/v2\/media?parent=838"}],"wp:term":[{"taxonomy":"sunflower_event_tag","embeddable":true,"href":"https:\/\/gruene-bergedorf.de\/index.php\/wp-json\/wp\/v2\/sunflower_event_tag?post=838"}],"curies":[{"name":"wp","href":"https:\/\/api.w.org\/{rel}","templated":true}]}}

<p>Die Bezirksversammlung ist das zentrale politische Gremium im Bezirk Bergedorf. Zu ihren Kernaufgaben zählen die politische Vertretung und Kontrolle des Bezirksamts, die Vergabe und Verwaltung bezirklicher Mittel sowie die Förderung von Bürgerbeteiligung, um den Bezirk gemeinsam weiterzuentwickeln.</p>



<div style="height:40px" aria-hidden="true" class="wp-block-spacer"></div>



<p>Die <strong>Tagesordnung</strong> für die Sitzung am 27.02.2025: <a href="https://sitzungsdienst-bergedorf.hamburg.de/bi/to010.asp?SILFDNR=1003050">https://sitzungsdienst-bergedorf.hamburg.de/bi/to010.asp?SILFDNR=1003050</a></p>



<p><strong>Weitere Informationen</strong> rund um die Bezirksversammlung: <a href="https://www.hamburg.de/politik-und-verwaltung/bezirke/bergedorf/bezirksversammlung">https://www.hamburg.de/politik-und-verwaltung/bezirke/bergedorf/bezirksversammlung</a></p>



<p></p>

<p>Die Bezirksversammlung ist das zentrale politische Gremium im Bezirk Bergedorf. Zu ihren Kernaufgaben zählen die&#8230;</p>
