{"id":549,"date":"2025-01-14T22:36:42","date_gmt":"2025-01-14T21:36:42","guid":{"rendered":"https:\/\/gruene-bergedorf.de\/?post_type=sunflower_event&#038;p=549"},"modified":"2025-01-15T22:50:46","modified_gmt":"2025-01-15T21:50:46","slug":"westliche-demokratien-in-gefahr-trump-putin-und-die-autoritaere-zeitenwende","status":"publish","type":"sunflower_event","link":"https:\/\/gruene-bergedorf.de\/index.php\/termine\/westliche-demokratien-in-gefahr-trump-putin-und-die-autoritaere-zeitenwende\/","title":{"rendered":"&#8222;Westliche Demokratien in Gefahr?\u00a0Trump, Putin und die autorit\u00e4re Zeitenwende&#8220;"},"content":{"rendered":"\n<p>Gespr\u00e4ch und Diskussion mit <\/p>\n\n\n\n<p><strong>Konstantin von Notz,&nbsp;<\/strong>Stellvertretender Fraktionsvorsitzender und<br>Sicherheitsexperte im Bundestag, <\/p>\n\n\n\n<p><strong>Jennifer Jasberg<\/strong>, Vorstandssprecherin der GR\u00dcNEN Bergedorf und Kandidatin f\u00fcr die B\u00fcrgerschaftswahl 2025 und<\/p>\n\n\n\n<p><strong>Lenka Brodbeck<\/strong>, Vorsitzende der GR\u00dcNEN Fraktion Bergedorf und Kandidatin f\u00fcr die Bundestagswahl 2025.<\/p>\n\n\n\n<p><\/p>\n","protected":false},"excerpt":{"rendered":"<p>Gespr\u00e4ch und Diskussion mit Konstantin von Notz,&nbsp;Stellvertretender Fraktionsvorsitzender undSicherheitsexperte im Bundestag, Jennifer Jasberg, Vorstandssprecherin der&#8230;<\/p>\n","protected":false},"author":3,"featured_media":0,"comment_status":"closed","ping_status":"closed","template":"","sunflower_event_tag":[],"class_list":["post-549","sunflower_event","type-sunflower_event","status-publish","hentry"],"_links":{"self":[{"href":"https:\/\/gruene-bergedorf.de\/index.php\/wp-json\/wp\/v2\/sunflower_event\/549","targetHints":{"allow":["GET"]}}],"collection":[{"href":"https:\/\/gruene-bergedorf.de\/index.php\/wp-json\/wp\/v2\/sunflower_event"}],"about":[{"href":"https:\/\/gruene-bergedorf.de\/index.php\/wp-json\/wp\/v2\/types\/sunflower_event"}],"author":[{"embeddable":true,"href":"https:\/\/gruene-bergedorf.de\/index.php\/wp-json\/wp\/v2\/users\/3"}],"replies":[{"embeddable":true,"href":"https:\/\/gruene-bergedorf.de\/index.php\/wp-json\/wp\/v2\/comments?post=549"}],"wp:attachment":[{"href":"https:\/\/gruene-bergedorf.de\/index.php\/wp-json\/wp\/v2\/media?parent=549"}],"wp:term":[{"taxonomy":"sunflower_event_tag","embeddable":true,"href":"https:\/\/gruene-bergedorf.de\/index.php\/wp-json\/wp\/v2\/sunflower_event_tag?post=549"}],"curies":[{"name":"wp","href":"https:\/\/api.w.org\/{rel}","templated":true}]}}

&#8222;Westliche Demokratien in Gefahr? Trump, Putin und die autoritäre Zeitenwende&#8220;

<p>Gespräch und Diskussion mit </p>



<p><strong>Konstantin von Notz,&nbsp;</strong>Stellvertretender Fraktionsvorsitzender und<br>Sicherheitsexperte im Bundestag, </p>



<p><strong>Jennifer Jasberg</strong>, Vorstandssprecherin der GRÜNEN Bergedorf und Kandidatin für die Bürgerschaftswahl 2025 und</p>



<p><strong>Lenka Brodbeck</strong>, Vorsitzende der GRÜNEN Fraktion Bergedorf und Kandidatin für die Bundestagswahl 2025.</p>



<p></p>

<p>Gespräch und Diskussion mit Konstantin von Notz,&nbsp;Stellvertretender Fraktionsvorsitzender undSicherheitsexperte im Bundestag, Jennifer Jasberg, Vorstandssprecherin der&#8230;</p>
