{"id":992,"date":"2025-06-18T16:24:32","date_gmt":"2025-06-18T14:24:32","guid":{"rendered":"https:\/\/gruene-bergedorf.de\/?page_id=992"},"modified":"2025-09-08T21:54:25","modified_gmt":"2025-09-08T19:54:25","slug":"newsletter","status":"publish","type":"page","link":"https:\/\/gruene-bergedorf.de\/index.php\/newsletter\/","title":{"rendered":"Newsletter"},"content":{"rendered":"\n<p>Im Newsletter der GR\u00dcNEN Fraktion Bergedorf halten wir dich auf dem Laufenden \u00fcber unsere Arbeit in der Bezirksversammlung \u2013 mit aktuellen Beschl\u00fcssen, Initiativen und Positionen. Einmal im Monat erh\u00e4ltst du spannende Einblicke, Neuigkeiten und Hintergr\u00fcnde aus unserer Fraktionsarbeit.<\/p>\n\n\n\n<p class=\"has-pt-sans-font-family\">Wenn du informiert bleiben m\u00f6chtest, trag hier einfach deine E-Mail-Adresse ein. \u00dcber diesen Verteiler erh\u00e4ltst du ausschlie\u00dflich den Newsletter der GR\u00dcNEN Fraktion Bergedorf \u2013 keine weiteren Nachrichten.<\/p>\n\n\n\n<p>Alle bisherigen Ausgaben findest du in unserem Newsletter-Archiv.<\/p>\n\n\n\n<div class=\"wp-block-buttons is-layout-flex wp-block-buttons-is-layout-flex\">\n<div class=\"wp-block-button\"><a class=\"wp-block-button__link wp-element-button\" href=\"https:\/\/gruene-bergedorf.de\/index.php\/newsletter-archiv\/\">Zum Archiv<\/a><\/div>\n<\/div>\n\n\n\n<div style=\"height:70px\" aria-hidden=\"true\" class=\"wp-block-spacer\"><\/div>\n\n\n\n<h4 class=\"wp-block-heading\">Hier abonnieren und informiert bleiben!<\/h4>\n\n\n<!DOCTYPE html PUBLIC \"-\/\/W3C\/\/DTD HTML 4.0 Transitional\/\/EN\" \"http:\/\/www.w3.org\/TR\/REC-html40\/loose.dtd\">\n<?xml encoding=\"utf-8\" ?><html><head><script>\nfunction loadjQuery(e,t){var n=document.createElement(\"script\");n.setAttribute(\"src\",e);n.onload=t;n.onreadystatechange=function(){if(this.readyState==\"complete\"||this.readyState==\"loaded\")t()};document.getElementsByTagName(\"head\")[0].appendChild(n)}function main(){\n\n\n}\nif(typeof jQuery===\"undefined\"){loadjQuery(\"\/\/ajax.googleapis.com\/ajax\/libs\/jquery\/1.4.4\/jquery.min.js\",main)}else{main()}\n\n<\/script>\n\n\n<style>.cr_header {\n    text-align: center;\n    background: transparent !important;\n}\n\n.cr_body label, .cr_body .label {\n    float: none;\n    clear: both;\n    display: inline-block;\n    width: auto;\n    margin-top: 8px;\n    text-align: left;\n    font-weight: bold;\n    position: relative;\n}\n\n.cr_body .no-label {\n    font-weight: normal;\n}\n\n.cr_body #editable_content {\n    padding: 20px;\n}\n\n.editable-content {\n    padding: 20px\n}\n\n.cr_button {\n    display: inline-block;\n    width: auto;\n    white-space: nowrap;\n    height: 32px;\n    margin: 5px 5px 0 0;\n    padding: 0 22px;\n    text-decoration: none;\n    text-align: center;\n    font-weight: bold;\n    font-style: normal;\n    font-size: 15px;\n    line-height: 32px;\n    cursor: pointer;\n    border: 0;\n    -moz-border-radius: 4px;\n    border-radius: 4px;\n    -webkit-border-radius: 4px;\n    vertical-align: top;\n}\n\n.cr_button:hover, .cr_button-small:hover {\n    opacity: 0.7;\n    filter: alpha(opacity=70);\n}\n\n.powered {\n    padding: 20px 0;\n    width: 560px;\n    margin: 0 auto;\n}\n\n.cr_ipe_item label {\n    line-height: 150%;\n    font-size: 14px;\n}\n\n.cr_ipe_item textarea {\n    background: none repeat scroll 0 0 #ffffff;\n    border-radius: 3px;\n    border: 1px solid #ccc;\n    font-size: 16px;\n}\n\n.cr_ipe_item input {\n    background: none repeat scroll 0 0 #ffffff;\n    border-radius: 3px;\n    border: 1px solid #ccc;\n    font-size: 16px;\n}\n\n.cr_ipe_item input[type='email'],\n.cr_ipe_item input[type='text'] {\n    width: 100%;\n}\n\n.cr_ipe_item select {\n    background: none repeat scroll 0 0 #ffffff;\n    border-radius: 3px;\n    border: 1px solid #ccc;\n    display: block;\n    margin: 0;\n    width: 100%;\n    font-size: 16px;\n}\n\n.cr_ipe_item input.cr_ipe_radio, input.cr_ipe_checkbox {\n    -moz-binding: none;\n    -moz-box-sizing: border-box;\n    background-color: -moz-field !important;\n    border: 2px inset ThreeDFace !important;\n    color: -moz-fieldtext !important;\n    cursor: default;\n    height: 13px;\n    padding: 0 !important;\n    width: 13px;\n}\n\n.cr_ipe_item input.cr_ipe_radio {\n    -moz-appearance: radio;\n    border-radius: 100% 100% 100% 100% !important;\n    margin: 3px 3px 0 5px;\n}\n\n.cr_ipe_item {\n    margin: 0 10px;\n    padding: 0 10px;\n    width: 100%;\n}\n\n.submit_container {\n    text-align: center\n}\n\n.cr_ipe_item.inactive {\n    display: none;\n}\n\n.imprint {\n    font-size: 0.8em;\n}\n\n.cr_captcha {\n    padding-left: 130px;\n}\n\n.cr_error {\n    font-size: 1.1em;\n    padding: 10px;\n}\n\n.clever_form_error {\n    background-color: #f99;\n    color: #000;\n    border: 1px solid #f22 !important\n}\n\n.clever_form_note {\n    margin: 26px 0 0 3px;\n    position: absolute;\n    display: inline;\n    padding: 2px 4px;\n    font-weight: bold;\n    background-color: #f2ecb5;\n    color: #000;\n    font-size: 12px !important;\n}\n\n.cr_form-flex {\n    display: flex;\n}\n\n.cr_form-flex > .cr_form-inputgroup {\n    flex-grow: 1;\n    margin-right: 5px;\n}\n\n.cr_form-flex > .cr_form-inputgroup:last-child {\n    margin-right: 0;\n}\n\n.cr_form-flex input {\n    width: 100%;\n}\n\n.cr_form,\n.cr_form .submit_container {\n    text-align: center !important;\n    margin: 5% 0;\n}\n\n.cr_form a {\n    border: none;\n}\n\n.cr_form .cr_page img {\n    display: inline;\n}\n\n.cr_font .submit_container {\n    margin-top: 3%;\n}\n\n.cr_form .cr_header_text,\n.cr_form .cr_ipe_item.ui-sortable {\n    text-align: left;\n    margin-bottom: 3%;\n}\n\n.cr_form .cr_header_text,\n.cr_form .cr_ipe_item.ui-sortable iframe {\n    height: 30px;\n}\n\n.cr_form .cr_header_text,\n.cr_form .cr_ipe_item.ui-sortable.musthave iframe {\n    height: auto;\n}\n\n.cr_form input[type='text'] {\n    width: 10% !important;\n    display: inline;\n}\n\n.cr_form .cr_ipe_item[rel='recaptcha'] {\n    margin-top: 3%;\n}\n\n.cr_form .cr_ipe_item[rel='recaptcha'] br {\n    display: none;\n}\n\n.cr_form .cr_ipe_item[rel='email'] input[type='text'],\n.cr_form .cr_ipe_item[rel='text'] input[type='text'],\n.cr_form textarea,\n.cr_form select {\n    width: 100% !important;\n}\n\n.cr_form .cr_ipe_item[rel='radio'] input[type='radio'] {\n    height: auto;\n}\n\n.cr_form a:not(.btn) {\n    border: none;\n}\n\n@media (max-width: 480px) {\n    #recaptcha_v2_widget > div:nth-child(1) {\n        width: max-content !important;\n    }\n}<\/style>\n\n\n<style id=\"style\">\n.cr_site {background-color:;}\n.cr_body {color:#000000;background-color:;}\n.cr_header {color:#005539;}\n.cr_hr {background-color:#ccc;}\n.cr_site a {color:#008939;}\n.imprint {color:#005539;}\n.cr_page {width:auto;max-width:640px;}\n.cr_font {color:#005539;}\n.cr_button {background-color:#008939;color:#f5f1e9;}\n\n<\/style>\n\n\n\n<\/head><body><form class=\"layout_form cr_form cr_font\" action=\"https:\/\/seu2.cleverreach.com\/f\/415990-412626\/wcs\/\" method=\"post\" target=\"_blank\">\n\t<div class=\"cr_body cr_page cr_font formbox\">\n\t\t<div class=\"non_sortable\" style=\"text-align:left;\">\n\t\t\t\n\t\t<\/div>\n\t\t\n\t\t<div class=\"editable_content\" style=\"text-align:left;\">\n\t\t<div id=\"9400504\" rel=\"email\" class=\"cr_form-component cr_form-component--email cr_ipe_item ui-sortable musthave\" style=\"margin-bottom:px;\">\n    <div class=\"cr_form-inputgroup cr_form-inputgroup--typeemail\">\n        <label for=\"text9400504\">E-Mail*<\/label>\n        <input class=\"cr_form-input\" type=\"email\" id=\"text9400504\" name=\"email\" value=\"\" placeholder=\"name@example.com\" style=\"\">\n    <\/div>\n<\/div><div id=\"9400547\" rel=\"text\" class=\"cr_form-component cr_form-component--text cr_ipe_item ui-sortable\" style=\" margin-bottom:0px;\">\n    <div class=\"cr_form-inputgroup cr_form-inputgroup--typetext\">\n        <label for=\"cr_form-input--text9400547\" class=\"itemname\">Vorname<\/label>\n        <input id=\"cr_form-input--text9400547\" class=\"cr_form-input\" type=\"text\" name=\"1144217\" placeholder=\"\" style=\"\">\n    <\/div>\n<\/div>\n<div id=\"9400548\" rel=\"text\" class=\"cr_form-component cr_form-component--text cr_ipe_item ui-sortable\" style=\" margin-bottom:0px;\">\n    <div class=\"cr_form-inputgroup cr_form-inputgroup--typetext\">\n        <label for=\"cr_form-input--text9400548\" class=\"itemname\">Nachname<\/label>\n        <input id=\"cr_form-input--text9400548\" class=\"cr_form-input\" type=\"text\" name=\"1144218\" placeholder=\"\" style=\"\">\n    <\/div>\n<\/div>\n<div id=\"9400554\" rel=\"checkbox\" class=\"cr_form-component cr_form-component--group cr_form-component--checkbox cr_ipe_item ui-sortable musthave\" style=\" margin-bottom:-30px;\">\n    <span class=\"label cr_form-component--header\">Datenschutzhinweis*<\/span>\n\n    <div class=\"cr_form-component--group\">\n    \n        <!-- FIXME: Nebeneinander, nicht untereinander -->\n        <span class=\"cr_form-inputgroup cr_form-inputgroup--typecheckbox\">\n            <input id=\"Hiermit willige ich ein, dass meine personenbezogenen Daten (Vorname, Nachname und E-Mail-Adresse) zum Zweck des Versands des Newsletters von der Fraktion GR&Uuml;NE Bergedorf gespeichert und verarbeitet werden d&uuml;rfen. Der Versand erfolgt auf Grundlage meiner freiwilligen Einwilligung gem&auml;&szlig; Art. 6 Abs. 1 lit. a DSGVO. Eine Abmeldung ist jederzeit m&ouml;glich, z.&#8239;B. &uuml;ber den Abmeldelink im Newsletter oder per E-Mail an fraktionsbuero@gruene-bergedorf.de. 9400554\" class=\"cr_form-checkbox cr_ipe_checkbox\" type=\"checkbox\" name=\"1147678[]\" value=\"Hiermit willige ich ein, dass meine personenbezogenen Daten (Vorname, Nachname und E-Mail-Adresse) zum Zweck des Versands des Newsletters von der Fraktion GR&Uuml;NE Bergedorf gespeichert und verarbeitet werden d&uuml;rfen. Der Versand erfolgt auf Grundlage meiner freiwilligen Einwilligung gem&auml;&szlig; Art. 6 Abs. 1 lit. a DSGVO. Eine Abmeldung ist jederzeit m&ouml;glich, z.&#8239;B. &uuml;ber den Abmeldelink im Newsletter oder per E-Mail an fraktionsbuero@gruene-bergedorf.de. \">\n            <label class=\"no-label\" for=\"Hiermit willige ich ein, dass meine personenbezogenen Daten (Vorname, Nachname und E-Mail-Adresse) zum Zweck des Versands des Newsletters von der Fraktion GR&Uuml;NE Bergedorf gespeichert und verarbeitet werden d&uuml;rfen. Der Versand erfolgt auf Grundlage meiner freiwilligen Einwilligung gem&auml;&szlig; Art. 6 Abs. 1 lit. a DSGVO. Eine Abmeldung ist jederzeit m&ouml;glich, z.&#8239;B. &uuml;ber den Abmeldelink im Newsletter oder per E-Mail an fraktionsbuero@gruene-bergedorf.de. 9400554\">Hiermit willige ich ein, dass meine personenbezogenen Daten (Vorname, Nachname und E-Mail-Adresse) zum Zweck des Versands des Newsletters von der Fraktion GR&Uuml;NE Bergedorf gespeichert und verarbeitet werden d&uuml;rfen. Der Versand erfolgt auf Grundlage meiner freiwilligen Einwilligung gem&auml;&szlig; Art. 6 Abs. 1 lit. a DSGVO. Eine Abmeldung ist jederzeit m&ouml;glich, z.&#8239;B. &uuml;ber den Abmeldelink im Newsletter oder per E-Mail an fraktionsbuero@gruene-bergedorf.de. <\/label>\n        <\/span>&nbsp;\n    \n    <\/div>\n<\/div>\n<div id=\"9400552\" rel=\"mce_text\" class=\"cr_ipe_item ui-sortable\">\n    <div class=\"mce_text\"><p><span style=\"caret-color: rgb(5, 6, 8); color: rgb(5, 6, 8);\" mce_style=\"caret-color: #050608; color: #050608;\"><span style=\"font-size: medium;\" mce_style=\"font-size: medium;\"><span style=\"font-size: small;\" mce_style=\"font-size: small;\"><span style=\"color: rgb(0, 85, 56);\" mce_style=\"color: #005538;\"><span style=\"caret-color: rgb(32, 29, 27);\" pt=\"\" sans ptsansweb arial helvetica verdana sans-serif mce_style=\"caret-color: #201d1b;\"><span style=\"font-size: 13px;\">Weitere Informationen zum Umgang mit personenbezogenen Daten finde ich in der <a href=\"https:\/\/www.gruene-hamburg.de\/datenschutz\/\" mce_href=\"https:\/\/www.gruene-hamburg.de\/datenschutz\/\" title=\"Datenschutzerkl&auml;rung\">Datenschutzerkl&auml;rung<\/a>.<\/span><\/span><br><\/span><\/span><\/span><\/span><\/p><p><span style=\"caret-color: rgb(5, 6, 8); color: rgb(5, 6, 8);\" mce_style=\"caret-color: #050608; color: #050608;\"><span style=\"font-size: medium;\" mce_style=\"font-size: medium;\"><span style=\"font-size: small;\" mce_style=\"font-size: small;\"><span style=\"color: rgb(0, 85, 56);\" mce_style=\"color: #005538;\">*Pflichtfeld<\/span><\/span><\/span><\/span><\/p><\/div>\n    <\/div><div id=\"9481821\" rel=\"recaptcha\" class=\"cr_ipe_item ui-sortable musthave\">\n\t\n\n\t\n\n\t<script src=\"https:\/\/www.google.com\/recaptcha\/api.js\" async defer><\/script>\n\t<br>\n\t<div id=\"recaptcha_v2_widget\" class=\"g-recaptcha\" data-theme=\"light\" data-size=\"normal\" data-sitekey=\"6Lfhcd0SAAAAAOBEHmAVEHJeRnrH8T7wPvvNzEPD\"><\/div>\n\t<br>\n\n\t\n<\/div><div id=\"9714700\" rel=\"mce_text\" class=\"cr_ipe_item ui-sortable\">\n    <div class=\"mce_text\"><p><span style=\"font-size: x-small;\" mce_style=\"font-size: x-small;\"><\/span><\/p><p><span style=\"font-size: x-small;\" mce_style=\"font-size: x-small;\">Wir verwenden den Google-Dienst reCaptcha, um festzustellen, ob ein Mensch oder ein Computer eine bestimmte Eingabe in unserem Kontakt- oder Newsletter-Formular macht. Google pr&uuml;ft anhand folgender Daten, ob Sie ein Mensch oder ein Computer sind: IP-Adresse des verwendeten Endger&auml;ts, die Internetseite, die Sie bei uns besuchen und auf der das Captcha eingebunden ist, das Datum und die Dauer des Besuchs, die Erkennungsdaten des verwendeten Browser- und Betriebssystem-Typs, Google-Account, wenn Sie bei Google eingeloggt sind, Mausbewegungen auf den reCaptcha-Fl&auml;chen sowie Aufgaben, bei denen Sie Bilder identifizieren m&uuml;ssen. Rechtsgrundlage f&uuml;r die beschriebene Datenverarbeitung ist Art. 6 Abs. 1 lit. f Datenschutz-Grundverordnung. Es besteht ein berechtigtes Interesse auf unserer Seite an dieser Datenverarbeitung, die Sicherheit unserer Internetseite zu gew&auml;hrleisten und uns vor automatisierten Eingaben (Angriffen) zu sch&uuml;tzen.<\/span><\/p><\/div>\n    <\/div><div id=\"9400506\" rel=\"button\" class=\"cr_form-component cr_form-component--submit cr_ipe_item ui-sortable  submit_container\">\n    <button type=\"submit\" class=\"cr_form-block cr_button components-button is-button is-primary\">Anmelden<\/button>\n<\/div>\n\n        <\/div>\n        \n\t\n    <\/div>\n\n    \n<\/form><\/body>\n\n\n\n\n<figure class=\"wp-block-image alignright size-large is-resized\"><img fetchpriority=\"high\" decoding=\"async\" width=\"1024\" height=\"870\" src=\"https:\/\/gruene-bergedorf.de\/wp-content\/uploads\/2025\/07\/B90Gruene_Fraktion_Bergedorf_RGB_inTanne-1024x870.png\" alt=\"\" class=\"wp-image-1079\" style=\"width:200px\" srcset=\"https:\/\/gruene-bergedorf.de\/wp-content\/uploads\/2025\/07\/B90Gruene_Fraktion_Bergedorf_RGB_inTanne-1024x870.png 1024w, https:\/\/gruene-bergedorf.de\/wp-content\/uploads\/2025\/07\/B90Gruene_Fraktion_Bergedorf_RGB_inTanne-300x255.png 300w, https:\/\/gruene-bergedorf.de\/wp-content\/uploads\/2025\/07\/B90Gruene_Fraktion_Bergedorf_RGB_inTanne-768x653.png 768w, https:\/\/gruene-bergedorf.de\/wp-content\/uploads\/2025\/07\/B90Gruene_Fraktion_Bergedorf_RGB_inTanne-1536x1306.png 1536w, https:\/\/gruene-bergedorf.de\/wp-content\/uploads\/2025\/07\/B90Gruene_Fraktion_Bergedorf_RGB_inTanne-2048x1741.png 2048w\" sizes=\"(max-width: 1024px) 100vw, 1024px\" \/><\/figure>\n\n\n\n<p><\/p>\n\n\n\n<p><\/p>\n\n\n\n<p><\/p>\n\n\n\n<div style=\"height:30px\" aria-hidden=\"true\" class=\"wp-block-spacer\"><\/div>\n\n\n\n<p><\/p>\n","protected":false},"excerpt":{"rendered":"<p>Im Newsletter der GR\u00dcNEN Fraktion Bergedorf halten wir dich auf dem Laufenden \u00fcber unsere Arbeit in der Bezirksversammlung \u2013 mit aktuellen Beschl\u00fcssen, Initiativen und Positionen. Einmal im Monat erh\u00e4ltst du [&hellip;]<\/p>\n","protected":false},"author":5,"featured_media":0,"parent":0,"menu_order":0,"comment_status":"closed","ping_status":"closed","template":"","meta":{"footnotes":""},"class_list":["post-992","page","type-page","status-publish","hentry"],"_links":{"self":[{"href":"https:\/\/gruene-bergedorf.de\/index.php\/wp-json\/wp\/v2\/pages\/992","targetHints":{"allow":["GET"]}}],"collection":[{"href":"https:\/\/gruene-bergedorf.de\/index.php\/wp-json\/wp\/v2\/pages"}],"about":[{"href":"https:\/\/gruene-bergedorf.de\/index.php\/wp-json\/wp\/v2\/types\/page"}],"author":[{"embeddable":true,"href":"https:\/\/gruene-bergedorf.de\/index.php\/wp-json\/wp\/v2\/users\/5"}],"replies":[{"embeddable":true,"href":"https:\/\/gruene-bergedorf.de\/index.php\/wp-json\/wp\/v2\/comments?post=992"}],"version-history":[{"count":24,"href":"https:\/\/gruene-bergedorf.de\/index.php\/wp-json\/wp\/v2\/pages\/992\/revisions"}],"predecessor-version":[{"id":1580,"href":"https:\/\/gruene-bergedorf.de\/index.php\/wp-json\/wp\/v2\/pages\/992\/revisions\/1580"}],"wp:attachment":[{"href":"https:\/\/gruene-bergedorf.de\/index.php\/wp-json\/wp\/v2\/media?parent=992"}],"curies":[{"name":"wp","href":"https:\/\/api.w.org\/{rel}","templated":true}]}}