{"id":78,"date":"2024-10-17T19:43:42","date_gmt":"2024-10-17T17:43:42","guid":{"rendered":"https:\/\/wordpress86.gcms.verdigado.net\/?page_id=78"},"modified":"2026-01-28T09:51:57","modified_gmt":"2026-01-28T08:51:57","slug":"partei","status":"publish","type":"page","link":"https:\/\/gruene-bergedorf.de\/index.php\/partei\/","title":{"rendered":"Partei"},"content":{"rendered":"\n<div class=\"wp-block-cover alignfull is-light\" style=\"min-height:998px;aspect-ratio:unset;\"><img decoding=\"async\" class=\"wp-block-cover__image-background wp-image-382\" alt=\"\" src=\"https:\/\/sunflower-theme.de\/demo\/wp-content\/uploads\/sites\/6\/2021\/03\/matthias-oberholzer-gM5msl7rP2k-unsplash_s_crop-4.jpg\" style=\"object-position:52% 22%\" data-object-fit=\"cover\" data-object-position=\"52% 22%\"\/><span aria-hidden=\"true\" class=\"wp-block-cover__background has-background-dim-20 has-background-dim\"><\/span><div class=\"wp-block-cover__inner-container is-layout-constrained wp-block-cover-is-layout-constrained\">\n<h1 class=\"wp-block-heading has-text-align-center no-link has-white-color has-text-color has-link-color wp-elements-7b13a1201566cd35d3b09910e5688470\"><\/h1>\n<\/div><\/div>\n\n\n\n<div style=\"height:100px\" aria-hidden=\"true\" class=\"wp-block-spacer\"><\/div>\n\n\n\n<h2 class=\"wp-block-heading\"><strong>Gemeinsam f\u00fcr eine gr\u00fcne und nachhaltige Zukunft in Bergedorf!<\/strong><\/h2>\n\n\n\n<p>Wir von <strong>B\u00fcndnis 90\/Die Gr\u00fcnen Bergedorf<\/strong> setzen uns daf\u00fcr ein, dass unser Bezirk ein lebenswerter Ort f\u00fcr alle bleibt \u2013 heute und in Zukunft. Als Teil der Gr\u00fcnen Bewegung stehen wir f\u00fcr eine nachhaltige, soziale und gerechte Politik, die \u00d6kologie und Klimaschutz in den Mittelpunkt stellt.<\/p>\n\n\n\n<p><strong>Was uns antreibt:<\/strong><\/p>\n\n\n\n<p>Bergedorf ist ein einzigartiger Bezirk mit urbanen und l\u00e4ndlichen R\u00e4umen, lebendiger Geschichte und gesellschaftlichem Zusammenhalt. Als Gr\u00fcne setzen wir uns daf\u00fcr ein, dass Bergedorf sowohl ein lebenswerter Ort bleibt als auch ein Innovationsstandort wird, der zur Vielfalt und St\u00e4rke Hamburgs beitr\u00e4gt.<\/p>\n\n\n\n<p>Wir m\u00f6chten gr\u00fcne Ziele in der Verwaltung umsetzen, \u00f6kologische und soziale Herausforderungen bew\u00e4ltigen und alle Bergedorfer*innen in den Prozess einbinden. Besonders wichtig ist uns der Klimaschutz, die Begr\u00fcnung des Bezirks, die Schaffung bezahlbaren Wohnraums und die F\u00f6rderung nachhaltiger Mobilit\u00e4t.<\/p>\n\n\n\n<p>Unsere Politik steht f\u00fcr Solidarit\u00e4t, Vielfalt und demokratische Teilhabe. Mit starkem Engagement arbeiten wir daran, dass Bergedorf fit f\u00fcr die Zukunft wird \u2013 als ein Zuhause f\u00fcr alle Menschen und als Vorreiter f\u00fcr Nachhaltigkeit und soziale Gerechtigkeit.<\/p>\n\n\n\n<p><strong>Wer wir sind:<\/strong><\/p>\n\n\n\n<p>Wir sind eine engagierte Gruppe von Menschen, die Vielfalt und Zusammenhalt leben. In unseren Arbeitsgemeinschaften und Gruppen bringen wir Ideen ein, treiben politische Projekte voran und arbeiten an einer nachhaltigen Entwicklung Bergedorfs.<\/p>\n\n\n\n<p><strong>Mitmachen lohnt sich!<\/strong><\/p>\n\n\n\n<p>Unsere T\u00fcren stehen allen offen, die sich f\u00fcr eine gerechte und nachhaltige Zukunft einsetzen m\u00f6chten. Ob als Mitglied, Unterst\u00fctzer:in oder einfach Interessierte:r \u2013 wir freuen uns auf Ihren Beitrag!<\/p>\n\n\n\n<div style=\"height:100px\" aria-hidden=\"true\" class=\"wp-block-spacer\"><\/div>\n\n\n\n<div class=\"wp-block-buttons is-layout-flex wp-block-buttons-is-layout-flex\">\n<div class=\"wp-block-button\"><a class=\"wp-block-button__link wp-element-button\" href=\"#\" data-unscramble=\"ed.frodegreb-eneurg@dnabrevsierk\">Kontaktiere uns<\/a><\/div>\n<\/div>\n","protected":false},"excerpt":{"rendered":"<p>Gemeinsam f\u00fcr eine gr\u00fcne und nachhaltige Zukunft in Bergedorf! Wir von B\u00fcndnis 90\/Die Gr\u00fcnen Bergedorf setzen uns daf\u00fcr ein, dass unser Bezirk ein lebenswerter Ort f\u00fcr alle bleibt \u2013 heute [&hellip;]<\/p>\n","protected":false},"author":3,"featured_media":0,"parent":0,"menu_order":0,"comment_status":"closed","ping_status":"closed","template":"","meta":{"footnotes":""},"class_list":["post-78","page","type-page","status-publish","hentry"],"_links":{"self":[{"href":"https:\/\/gruene-bergedorf.de\/index.php\/wp-json\/wp\/v2\/pages\/78","targetHints":{"allow":["GET"]}}],"collection":[{"href":"https:\/\/gruene-bergedorf.de\/index.php\/wp-json\/wp\/v2\/pages"}],"about":[{"href":"https:\/\/gruene-bergedorf.de\/index.php\/wp-json\/wp\/v2\/types\/page"}],"author":[{"embeddable":true,"href":"https:\/\/gruene-bergedorf.de\/index.php\/wp-json\/wp\/v2\/users\/3"}],"replies":[{"embeddable":true,"href":"https:\/\/gruene-bergedorf.de\/index.php\/wp-json\/wp\/v2\/comments?post=78"}],"version-history":[{"count":3,"href":"https:\/\/gruene-bergedorf.de\/index.php\/wp-json\/wp\/v2\/pages\/78\/revisions"}],"predecessor-version":[{"id":2284,"href":"https:\/\/gruene-bergedorf.de\/index.php\/wp-json\/wp\/v2\/pages\/78\/revisions\/2284"}],"wp:attachment":[{"href":"https:\/\/gruene-bergedorf.de\/index.php\/wp-json\/wp\/v2\/media?parent=78"}],"curies":[{"name":"wp","href":"https:\/\/api.w.org\/{rel}","templated":true}]}}