{"id":661,"date":"2025-01-15T16:05:52","date_gmt":"2025-01-15T15:05:52","guid":{"rendered":"https:\/\/gruene-bergedorf.de\/?page_id=661"},"modified":"2026-04-20T10:10:49","modified_gmt":"2026-04-20T08:10:49","slug":"jugendhilfeausschuss-jha","status":"publish","type":"page","link":"https:\/\/gruene-bergedorf.de\/index.php\/jugendhilfeausschuss-jha\/","title":{"rendered":"Jugendhilfeausschuss (JHA)"},"content":{"rendered":"\n<div class=\"wp-block-group is-layout-grid wp-container-core-group-is-layout-9649a0d9 wp-block-group-is-layout-grid\">\n<figure class=\"wp-block-image size-full\"><img fetchpriority=\"high\" decoding=\"async\" width=\"768\" height=\"507\" src=\"https:\/\/gruene-bergedorf.de\/wp-content\/uploads\/2026\/04\/new-file-1.jpg\" alt=\"\" class=\"wp-image-2582\" style=\"aspect-ratio:3\/4;object-fit:cover\" srcset=\"https:\/\/gruene-bergedorf.de\/wp-content\/uploads\/2026\/04\/new-file-1.jpg 768w, https:\/\/gruene-bergedorf.de\/wp-content\/uploads\/2026\/04\/new-file-1-300x198.jpg 300w\" sizes=\"(max-width: 768px) 100vw, 768px\" \/><figcaption class=\"wp-element-caption\"><strong>Leon Meyer<\/strong><br>(Ausschussmitglied)<\/figcaption><\/figure>\n\n\n\n<figure class=\"wp-block-image size-full\"><img decoding=\"async\" width=\"1200\" height=\"1600\" src=\"https:\/\/gruene-bergedorf.de\/wp-content\/uploads\/2026\/04\/0de4a3c1-b721-4ad2-95e3-9e1cbc02ebb4.jpeg\" alt=\"\" class=\"wp-image-2583\" style=\"aspect-ratio:3\/4;object-fit:cover\" srcset=\"https:\/\/gruene-bergedorf.de\/wp-content\/uploads\/2026\/04\/0de4a3c1-b721-4ad2-95e3-9e1cbc02ebb4.jpeg 1200w, https:\/\/gruene-bergedorf.de\/wp-content\/uploads\/2026\/04\/0de4a3c1-b721-4ad2-95e3-9e1cbc02ebb4-225x300.jpeg 225w, https:\/\/gruene-bergedorf.de\/wp-content\/uploads\/2026\/04\/0de4a3c1-b721-4ad2-95e3-9e1cbc02ebb4-768x1024.jpeg 768w, https:\/\/gruene-bergedorf.de\/wp-content\/uploads\/2026\/04\/0de4a3c1-b721-4ad2-95e3-9e1cbc02ebb4-1152x1536.jpeg 1152w\" sizes=\"(max-width: 1200px) 100vw, 1200px\" \/><figcaption class=\"wp-element-caption\"><strong>Lara Bolt de Freitas<\/strong><br>(Stellv. Ausschussmitglied)<\/figcaption><\/figure>\n<\/div>\n\n\n\n<div style=\"height:20px\" aria-hidden=\"true\" class=\"wp-block-spacer\"><\/div>\n\n\n\n<p>Er ist ein rechtlich eigenst\u00e4ndiger Ausschuss, der auf der Grundlage des Sozialgesetzbuch Teil VIII (Kinder- und Jugendhilfe) eingerichtet wurde. Beraten werden u.a. alle Angelegenheiten, die Jugendliche betreffen, die Verteilung der bezirklichen Mittel zur F\u00f6rderung der regionalen Jugendhilfe, aber auch die Wahl der Jugendsch\u00f6ffinnen und Jugendsch\u00f6ffen. Der Jugendhilfeausschuss tagt dazu h\u00e4ufig in Einrichtungen, die Jugendarbeit leisten.<\/p>\n\n\n\n<p>\ud83d\udd17 <strong>Sitzungs\u00fcbersicht<\/strong>: <a href=\"https:\/\/sitzungsdienst-bergedorf.hamburg.de\/bi\/si018_a.asp?GRA=176\">https:\/\/sitzungsdienst-bergedorf.hamburg.de\/bi\/si018_a.asp?GRA=176<\/a><\/p>\n\n\n\n<div style=\"height:30px\" aria-hidden=\"true\" class=\"wp-block-spacer\"><\/div>\n\n\n\n<div class=\"wp-block-buttons is-layout-flex wp-block-buttons-is-layout-flex\">\n<div class=\"wp-block-button\"><a class=\"wp-block-button__link wp-element-button\" href=\"#\" data-unscramble=\"ed.frodegreb-eneurg@oreubsnoitkarf\">Kontaktiere uns<\/a><\/div>\n<\/div>\n\n\n\n<figure class=\"wp-block-image alignright size-large is-resized\"><img decoding=\"async\" width=\"1024\" height=\"870\" src=\"https:\/\/gruene-bergedorf.de\/wp-content\/uploads\/2025\/07\/B90Gruene_Fraktion_Bergedorf_RGB_inTanne-1024x870.png\" alt=\"\" class=\"wp-image-1079\" style=\"width:200px\" srcset=\"https:\/\/gruene-bergedorf.de\/wp-content\/uploads\/2025\/07\/B90Gruene_Fraktion_Bergedorf_RGB_inTanne-1024x870.png 1024w, https:\/\/gruene-bergedorf.de\/wp-content\/uploads\/2025\/07\/B90Gruene_Fraktion_Bergedorf_RGB_inTanne-300x255.png 300w, https:\/\/gruene-bergedorf.de\/wp-content\/uploads\/2025\/07\/B90Gruene_Fraktion_Bergedorf_RGB_inTanne-768x653.png 768w, https:\/\/gruene-bergedorf.de\/wp-content\/uploads\/2025\/07\/B90Gruene_Fraktion_Bergedorf_RGB_inTanne-1536x1306.png 1536w, https:\/\/gruene-bergedorf.de\/wp-content\/uploads\/2025\/07\/B90Gruene_Fraktion_Bergedorf_RGB_inTanne-2048x1741.png 2048w\" sizes=\"(max-width: 1024px) 100vw, 1024px\" \/><\/figure>\n\n\n\n<p><\/p>\n\n\n\n<p><\/p>\n\n\n\n<p><\/p>\n\n\n\n<div style=\"height:30px\" aria-hidden=\"true\" class=\"wp-block-spacer\"><\/div>\n","protected":false},"excerpt":{"rendered":"<p>Er ist ein rechtlich eigenst\u00e4ndiger Ausschuss, der auf der Grundlage des Sozialgesetzbuch Teil VIII (Kinder-&#8230;<\/p>\n","protected":false},"author":3,"featured_media":0,"parent":0,"menu_order":0,"comment_status":"closed","ping_status":"closed","template":"","meta":{"footnotes":""},"class_list":["post-661","page","type-page","status-publish","hentry"],"_links":{"self":[{"href":"https:\/\/gruene-bergedorf.de\/index.php\/wp-json\/wp\/v2\/pages\/661","targetHints":{"allow":["GET"]}}],"collection":[{"href":"https:\/\/gruene-bergedorf.de\/index.php\/wp-json\/wp\/v2\/pages"}],"about":[{"href":"https:\/\/gruene-bergedorf.de\/index.php\/wp-json\/wp\/v2\/types\/page"}],"author":[{"embeddable":true,"href":"https:\/\/gruene-bergedorf.de\/index.php\/wp-json\/wp\/v2\/users\/3"}],"replies":[{"embeddable":true,"href":"https:\/\/gruene-bergedorf.de\/index.php\/wp-json\/wp\/v2\/comments?post=661"}],"version-history":[{"count":7,"href":"https:\/\/gruene-bergedorf.de\/index.php\/wp-json\/wp\/v2\/pages\/661\/revisions"}],"predecessor-version":[{"id":2584,"href":"https:\/\/gruene-bergedorf.de\/index.php\/wp-json\/wp\/v2\/pages\/661\/revisions\/2584"}],"wp:attachment":[{"href":"https:\/\/gruene-bergedorf.de\/index.php\/wp-json\/wp\/v2\/media?parent=661"}],"curies":[{"name":"wp","href":"https:\/\/api.w.org\/{rel}","templated":true}]}}

<div class="wp-block-group is-layout-grid wp-container-core-group-is-layout-9649a0d9 wp-block-group-is-layout-grid">
<figure class="wp-block-image size-full"><img fetchpriority="high" decoding="async" width="768" height="507" src="https://gruene-bergedorf.de/wp-content/uploads/2026/04/new-file-1.jpg" alt="" class="wp-image-2582" style="aspect-ratio:3/4;object-fit:cover" srcset="https://gruene-bergedorf.de/wp-content/uploads/2026/04/new-file-1.jpg 768w, https://gruene-bergedorf.de/wp-content/uploads/2026/04/new-file-1-300x198.jpg 300w" sizes="(max-width: 768px) 100vw, 768px" /><figcaption class="wp-element-caption"><strong>Leon Meyer</strong><br>(Ausschussmitglied)</figcaption></figure>



<figure class="wp-block-image size-full"><img decoding="async" width="1200" height="1600" src="https://gruene-bergedorf.de/wp-content/uploads/2026/04/0de4a3c1-b721-4ad2-95e3-9e1cbc02ebb4.jpeg" alt="" class="wp-image-2583" style="aspect-ratio:3/4;object-fit:cover" srcset="https://gruene-bergedorf.de/wp-content/uploads/2026/04/0de4a3c1-b721-4ad2-95e3-9e1cbc02ebb4.jpeg 1200w, https://gruene-bergedorf.de/wp-content/uploads/2026/04/0de4a3c1-b721-4ad2-95e3-9e1cbc02ebb4-225x300.jpeg 225w, https://gruene-bergedorf.de/wp-content/uploads/2026/04/0de4a3c1-b721-4ad2-95e3-9e1cbc02ebb4-768x1024.jpeg 768w, https://gruene-bergedorf.de/wp-content/uploads/2026/04/0de4a3c1-b721-4ad2-95e3-9e1cbc02ebb4-1152x1536.jpeg 1152w" sizes="(max-width: 1200px) 100vw, 1200px" /><figcaption class="wp-element-caption"><strong>Lara Bolt de Freitas</strong><br>(Stellv. Ausschussmitglied)</figcaption></figure>
</div>



<div style="height:20px" aria-hidden="true" class="wp-block-spacer"></div>



<p>Er ist ein rechtlich eigenständiger Ausschuss, der auf der Grundlage des Sozialgesetzbuch Teil VIII (Kinder- und Jugendhilfe) eingerichtet wurde. Beraten werden u.a. alle Angelegenheiten, die Jugendliche betreffen, die Verteilung der bezirklichen Mittel zur Förderung der regionalen Jugendhilfe, aber auch die Wahl der Jugendschöffinnen und Jugendschöffen. Der Jugendhilfeausschuss tagt dazu häufig in Einrichtungen, die Jugendarbeit leisten.</p>



<p>🔗 <strong>Sitzungsübersicht</strong>: <a href="https://sitzungsdienst-bergedorf.hamburg.de/bi/si018_a.asp?GRA=176">https://sitzungsdienst-bergedorf.hamburg.de/bi/si018_a.asp?GRA=176</a></p>



<div style="height:30px" aria-hidden="true" class="wp-block-spacer"></div>



<div class="wp-block-buttons is-layout-flex wp-block-buttons-is-layout-flex">
<div class="wp-block-button"><a class="wp-block-button__link wp-element-button" href="#" data-unscramble="ed.frodegreb-eneurg@oreubsnoitkarf">Kontaktiere uns</a></div>
</div>



<figure class="wp-block-image alignright size-large is-resized"><img decoding="async" width="1024" height="870" src="https://gruene-bergedorf.de/wp-content/uploads/2025/07/B90Gruene_Fraktion_Bergedorf_RGB_inTanne-1024x870.png" alt="" class="wp-image-1079" style="width:200px" srcset="https://gruene-bergedorf.de/wp-content/uploads/2025/07/B90Gruene_Fraktion_Bergedorf_RGB_inTanne-1024x870.png 1024w, https://gruene-bergedorf.de/wp-content/uploads/2025/07/B90Gruene_Fraktion_Bergedorf_RGB_inTanne-300x255.png 300w, https://gruene-bergedorf.de/wp-content/uploads/2025/07/B90Gruene_Fraktion_Bergedorf_RGB_inTanne-768x653.png 768w, https://gruene-bergedorf.de/wp-content/uploads/2025/07/B90Gruene_Fraktion_Bergedorf_RGB_inTanne-1536x1306.png 1536w, https://gruene-bergedorf.de/wp-content/uploads/2025/07/B90Gruene_Fraktion_Bergedorf_RGB_inTanne-2048x1741.png 2048w" sizes="(max-width: 1024px) 100vw, 1024px" /></figure>



<p></p>



<p></p>



<p></p>



<div style="height:30px" aria-hidden="true" class="wp-block-spacer"></div>

<p>Er ist ein rechtlich eigenständiger Ausschuss, der auf der Grundlage des Sozialgesetzbuch Teil VIII (Kinder-&#8230;</p>
