{"id":639,"date":"2025-01-15T16:01:42","date_gmt":"2025-01-15T15:01:42","guid":{"rendered":"https:\/\/gruene-bergedorf.de\/?page_id=639"},"modified":"2025-12-09T10:04:37","modified_gmt":"2025-12-09T09:04:37","slug":"hauptausschuss-ha","status":"publish","type":"page","link":"https:\/\/gruene-bergedorf.de\/index.php\/hauptausschuss-ha\/","title":{"rendered":"Hauptausschuss (HA)"},"content":{"rendered":"\n<p><\/p>\n\n\n\n<div class=\"wp-block-columns is-layout-flex wp-container-core-columns-is-layout-9d6595d7 wp-block-columns-is-layout-flex\">\n<div class=\"wp-block-column is-layout-flow wp-block-column-is-layout-flow\">\n<div class=\"wp-block-group is-layout-constrained wp-block-group-is-layout-constrained\">\n<div class=\"wp-block-group is-layout-grid wp-container-core-group-is-layout-9649a0d9 wp-block-group-is-layout-grid\">\n<figure class=\"wp-block-image size-full wp-container-content-69bc4bdf\"><img fetchpriority=\"high\" decoding=\"async\" width=\"8458\" height=\"5639\" src=\"https:\/\/gruene-bergedorf.de\/wp-content\/uploads\/2025\/09\/DSC3473.jpg\" alt=\"\" class=\"wp-image-1662\" style=\"aspect-ratio:3\/4;object-fit:cover\" srcset=\"https:\/\/gruene-bergedorf.de\/wp-content\/uploads\/2025\/09\/DSC3473.jpg 8458w, https:\/\/gruene-bergedorf.de\/wp-content\/uploads\/2025\/09\/DSC3473-300x200.jpg 300w, https:\/\/gruene-bergedorf.de\/wp-content\/uploads\/2025\/09\/DSC3473-1024x683.jpg 1024w, https:\/\/gruene-bergedorf.de\/wp-content\/uploads\/2025\/09\/DSC3473-768x512.jpg 768w\" sizes=\"(max-width: 8458px) 100vw, 8458px\" \/><figcaption class=\"wp-element-caption\"><strong>Nils Potthast<\/strong><br>(Ausschussmitglied)<\/figcaption><\/figure>\n\n\n\n<figure class=\"wp-block-image size-full wp-container-content-69bc4bdf\"><img decoding=\"async\" width=\"9124\" height=\"6083\" src=\"https:\/\/gruene-bergedorf.de\/wp-content\/uploads\/2025\/12\/IMG_0320.jpeg\" alt=\"\" class=\"wp-image-2153\" style=\"aspect-ratio:3\/4;object-fit:cover\" srcset=\"https:\/\/gruene-bergedorf.de\/wp-content\/uploads\/2025\/12\/IMG_0320.jpeg 9124w, https:\/\/gruene-bergedorf.de\/wp-content\/uploads\/2025\/12\/IMG_0320-300x200.jpeg 300w, https:\/\/gruene-bergedorf.de\/wp-content\/uploads\/2025\/12\/IMG_0320-1024x683.jpeg 1024w, https:\/\/gruene-bergedorf.de\/wp-content\/uploads\/2025\/12\/IMG_0320-768x512.jpeg 768w\" sizes=\"(max-width: 9124px) 100vw, 9124px\" \/><figcaption class=\"wp-element-caption\"><strong>Lenka Brodbeck<\/strong><br>(Ausschussmitglied)<\/figcaption><\/figure>\n<\/div>\n<\/div>\n<\/div>\n<\/div>\n\n\n\n<div style=\"height:20px\" aria-hidden=\"true\" class=\"wp-block-spacer\"><\/div>\n\n\n\n<p>Der Hauptausschuss ist nach der Bezirksversammlung der wichtigste Ausschuss und fach\u00fcbergreifend zust\u00e4ndig f\u00fcr die reibungslose Zusammenarbeit zwischen den B\u00fcrger*innen des Bezirks, den Abgeordneten und der Verwaltung.<\/p>\n\n\n\n<p>Im Hauptausschuss sind im Gegensatz zu den \u00fcbrigen Aussch\u00fcssen nur gew\u00e4hlte Bezirksabgeordnete und keine zugew\u00e4hlten B\u00fcrger*innen vertreten.<\/p>\n\n\n\n<p>\ud83d\udd17 <strong>Sitzungs\u00fcbersicht<\/strong>: <a href=\"https:\/\/sitzungsdienst-bergedorf.hamburg.de\/bi\/si018_a.asp?GRA=175\">https:\/\/sitzungsdienst-bergedorf.hamburg.de\/bi\/si018_a.asp?GRA=175<\/a><\/p>\n\n\n\n<p><\/p>\n\n\n\n<div style=\"height:30px\" aria-hidden=\"true\" class=\"wp-block-spacer\"><\/div>\n\n\n\n<div class=\"wp-block-buttons is-layout-flex wp-block-buttons-is-layout-flex\">\n<div class=\"wp-block-button\"><a class=\"wp-block-button__link wp-element-button\" href=\"#\" data-unscramble=\"ed.frodegreb-eneurg@oreubsnoitkarf\">Kontaktiere uns<\/a><\/div>\n<\/div>\n\n\n\n<figure class=\"wp-block-image alignright size-large is-resized\"><img decoding=\"async\" width=\"1024\" height=\"870\" src=\"https:\/\/gruene-bergedorf.de\/wp-content\/uploads\/2025\/07\/B90Gruene_Fraktion_Bergedorf_RGB_inTanne-1024x870.png\" alt=\"\" class=\"wp-image-1079\" style=\"width:200px\" srcset=\"https:\/\/gruene-bergedorf.de\/wp-content\/uploads\/2025\/07\/B90Gruene_Fraktion_Bergedorf_RGB_inTanne-1024x870.png 1024w, https:\/\/gruene-bergedorf.de\/wp-content\/uploads\/2025\/07\/B90Gruene_Fraktion_Bergedorf_RGB_inTanne-300x255.png 300w, https:\/\/gruene-bergedorf.de\/wp-content\/uploads\/2025\/07\/B90Gruene_Fraktion_Bergedorf_RGB_inTanne-768x653.png 768w, https:\/\/gruene-bergedorf.de\/wp-content\/uploads\/2025\/07\/B90Gruene_Fraktion_Bergedorf_RGB_inTanne-1536x1306.png 1536w, https:\/\/gruene-bergedorf.de\/wp-content\/uploads\/2025\/07\/B90Gruene_Fraktion_Bergedorf_RGB_inTanne-2048x1741.png 2048w\" sizes=\"(max-width: 1024px) 100vw, 1024px\" \/><\/figure>\n\n\n\n<p><\/p>\n\n\n\n<p><\/p>\n\n\n\n<p><\/p>\n\n\n\n<div style=\"height:30px\" aria-hidden=\"true\" class=\"wp-block-spacer\"><\/div>\n","protected":false},"excerpt":{"rendered":"<p>Der Hauptausschuss ist nach der Bezirksversammlung der wichtigste Ausschuss und fach\u00fcbergreifend zust\u00e4ndig f\u00fcr die reibungslose Zusammenarbeit zwischen den B\u00fcrger*innen des Bezirks, den Abgeordneten und der Verwaltung. Im Hauptausschuss sind im [&hellip;]<\/p>\n","protected":false},"author":3,"featured_media":0,"parent":0,"menu_order":0,"comment_status":"closed","ping_status":"closed","template":"","meta":{"footnotes":""},"class_list":["post-639","page","type-page","status-publish","hentry"],"_links":{"self":[{"href":"https:\/\/gruene-bergedorf.de\/index.php\/wp-json\/wp\/v2\/pages\/639","targetHints":{"allow":["GET"]}}],"collection":[{"href":"https:\/\/gruene-bergedorf.de\/index.php\/wp-json\/wp\/v2\/pages"}],"about":[{"href":"https:\/\/gruene-bergedorf.de\/index.php\/wp-json\/wp\/v2\/types\/page"}],"author":[{"embeddable":true,"href":"https:\/\/gruene-bergedorf.de\/index.php\/wp-json\/wp\/v2\/users\/3"}],"replies":[{"embeddable":true,"href":"https:\/\/gruene-bergedorf.de\/index.php\/wp-json\/wp\/v2\/comments?post=639"}],"version-history":[{"count":35,"href":"https:\/\/gruene-bergedorf.de\/index.php\/wp-json\/wp\/v2\/pages\/639\/revisions"}],"predecessor-version":[{"id":2169,"href":"https:\/\/gruene-bergedorf.de\/index.php\/wp-json\/wp\/v2\/pages\/639\/revisions\/2169"}],"wp:attachment":[{"href":"https:\/\/gruene-bergedorf.de\/index.php\/wp-json\/wp\/v2\/media?parent=639"}],"curies":[{"name":"wp","href":"https:\/\/api.w.org\/{rel}","templated":true}]}}