{"id":442,"date":"2024-12-09T16:26:08","date_gmt":"2024-12-09T15:26:08","guid":{"rendered":"https:\/\/wordpress86.gcms.verdigado.net\/?page_id=442"},"modified":"2024-12-13T20:55:14","modified_gmt":"2024-12-13T19:55:14","slug":"ag-verkehr-und-mobilitaet","status":"publish","type":"page","link":"https:\/\/gruene-bergedorf.de\/index.php\/ag-verkehr-und-mobilitaet\/","title":{"rendered":"AG Verkehr und Mobilit\u00e4t"},"content":{"rendered":"\n<p>Die AG Verkehr und Mobilit\u00e4t der Gr\u00fcnen Bergedorf besch\u00e4ftigt sich mit der Gestaltung einer nachhaltigen und zukunftsf\u00e4higen Verkehrspolitik. Sie setzt sich f\u00fcr die F\u00f6rderung von umweltfreundlichen Mobilit\u00e4tsalternativen wie Radfahren, \u00f6ffentlichem Nahverkehr und Carsharing ein und arbeitet an L\u00f6sungen f\u00fcr die Verbesserung der Verkehrsinfrastruktur. Ziel ist es, die Verkehrswende voranzutreiben und eine Mobilit\u00e4t zu f\u00f6rdern, die sowohl den Klimaschutz als auch die Lebensqualit\u00e4t in der Region verbessert.<\/p>\n\n\n\n<p><strong>AG Sprecher*innen<\/strong>: Fabio Detmer und David Stolz<\/p>\n\n\n\n<div style=\"height:100px\" aria-hidden=\"true\" class=\"wp-block-spacer\"><\/div>\n\n\n\n<div class=\"wp-block-buttons is-layout-flex wp-block-buttons-is-layout-flex\">\n<div class=\"wp-block-button\"><a class=\"wp-block-button__link wp-element-button\" href=\"#\" data-unscramble=\"ed.frodegreb-eneurg@remted.oibaf\">Kontaktiere uns<\/a><\/div>\n<\/div>\n\n\n\n<p><\/p>\n","protected":false},"excerpt":{"rendered":"<p>Die AG Verkehr und Mobilit\u00e4t der Gr\u00fcnen Bergedorf besch\u00e4ftigt sich mit der Gestaltung einer nachhaltigen und zukunftsf\u00e4higen Verkehrspolitik. Sie setzt sich f\u00fcr die F\u00f6rderung von umweltfreundlichen Mobilit\u00e4tsalternativen wie Radfahren, \u00f6ffentlichem [&hellip;]<\/p>\n","protected":false},"author":3,"featured_media":0,"parent":0,"menu_order":0,"comment_status":"closed","ping_status":"closed","template":"","meta":{"footnotes":""},"class_list":["post-442","page","type-page","status-publish","hentry"],"_links":{"self":[{"href":"https:\/\/gruene-bergedorf.de\/index.php\/wp-json\/wp\/v2\/pages\/442","targetHints":{"allow":["GET"]}}],"collection":[{"href":"https:\/\/gruene-bergedorf.de\/index.php\/wp-json\/wp\/v2\/pages"}],"about":[{"href":"https:\/\/gruene-bergedorf.de\/index.php\/wp-json\/wp\/v2\/types\/page"}],"author":[{"embeddable":true,"href":"https:\/\/gruene-bergedorf.de\/index.php\/wp-json\/wp\/v2\/users\/3"}],"replies":[{"embeddable":true,"href":"https:\/\/gruene-bergedorf.de\/index.php\/wp-json\/wp\/v2\/comments?post=442"}],"version-history":[{"count":4,"href":"https:\/\/gruene-bergedorf.de\/index.php\/wp-json\/wp\/v2\/pages\/442\/revisions"}],"predecessor-version":[{"id":538,"href":"https:\/\/gruene-bergedorf.de\/index.php\/wp-json\/wp\/v2\/pages\/442\/revisions\/538"}],"wp:attachment":[{"href":"https:\/\/gruene-bergedorf.de\/index.php\/wp-json\/wp\/v2\/media?parent=442"}],"curies":[{"name":"wp","href":"https:\/\/api.w.org\/{rel}","templated":true}]}}