{"id":1948,"date":"2025-10-31T10:15:50","date_gmt":"2025-10-31T09:15:50","guid":{"rendered":"https:\/\/gruene-bergedorf.de\/?page_id=1948"},"modified":"2025-11-04T11:16:39","modified_gmt":"2025-11-04T10:16:39","slug":"beitrag-anpassen","status":"publish","type":"page","link":"https:\/\/gruene-bergedorf.de\/index.php\/beitrag-anpassen\/","title":{"rendered":"Dein Mitgliedsbeitrag"},"content":{"rendered":"\n<p>Der <strong>Mitgliedsbeitrag <\/strong>betr\u00e4gt monatlich 1 Prozent des Nettoeinkommens nach Selbsteinsch\u00e4tzung. Netto ist der Betrag, der nach Steuern und Sozialabgaben bei Dir auf dem Konto ankommt. Das hei\u00dft, der Beitrag wird von Dir nach eigener Einsch\u00e4tzung der Eink\u00fcnfte eingetragen \u2013 und wir vertrauen auf Deine Ehrlichkeit. In besonderen F\u00e4llen ist eine Minderung m\u00f6glich. Gern darf nat\u00fcrlich auch mehr gezahlt werden. <\/p>\n\n\n\n<p>Da sich Dein Einkommen mit den Jahren vermutlich ver\u00e4ndert (hoffentlich nach oben), kannst Du hier Deinen Beitrag \u00e4ndern lassen. <\/p>\n\n\n\n<p>Um Deinen Beitrag anzupassen, schreib uns einfach eine kurze Nachricht mit Deinem gew\u00fcnschten neuen Beitrag. Du kannst uns \u00fcber das Formular auch offene Fragen zukommen lassen, wir werden Dir dann zeitnah antworten.<\/p>\n\n\n\n<div class=\"comment-respond mb-5\">\n\t<h2 id=\"contact-form-title\" class=\"text-center h1\">Mitgliedsbeitrag anpassen<\/h2>\t<form id=\"sunflower-contact-form\" method=\"post\" class=\"row\">\n\t<input type=\"hidden\" id=\"_wpnonce\" name=\"_wpnonce\" value=\"c9c2725254\" \/><input type=\"hidden\" name=\"_wp_http_referer\" value=\"\/index.php\/wp-json\/wp\/v2\/pages\/1948\" \/>\n\t<div class=\"col-12 col-md-6\">\n\t\t<p class=\"comment-form-comment\">\n\t\t\t<label for=\"message\">Nachricht <span class=\"required\">*<\/span><\/label>\n\t\t\t<textarea id=\"message\" name=\"message\" cols=\"45\" rows=\"8\" maxlength=\"2000\" required=\"required\"><\/textarea>\n\t\t<\/p>\n\t\t<p class=\"small\">Bitte f\u00fclle alle Pflichtfelder (<span class=\"required\">*<\/span>) aus.<\/p>\n\t\t<p class=\"small\">\n\t\tMit der Nutzung dieses Formulars erkl\u00e4rst du dich mit der Speicherung und Verarbeitung deiner Daten durch diese Website einverstanden. \n\t\tWeiteres entnimm bitte unserer  <a href=\"#\" id=\"privacy_policy_url\">Datenschutzerkl\u00e4rung<\/a>\t\t\t.\n\t\t<\/p>\n\t<\/div>\n\t<div class=\"col-12 col-md-6\"><p class=\"comment-form-author\">\n\t\t<label for=\"name\">Name<\/label>\n\t\t<input id=\"name\" name=\"name\" type=\"text\" value=\"\" size=\"30\" maxlength=\"245\"\/>\n\n\t\t<\/p>\n\t\t<p class=\"comment-form-email\">\n\t\t\t<label for=\"mail\">\n\t\t\tE-Mail <span class=\"required\">*<\/span>\t\t\t<\/label>\n\t\t\t<input id=\"mail\" name=\"mail\" type=\"email\" value=\"\" size=\"30\" maxlength=\"100\" required=\"required\"\/>\n\t\t<\/p>\n\t\t\t\t<p class=\"comment-form-email\">\n\t\t\t<label for=\"captcha\">Was ist 1 + 1? <span class=\"required\">*<\/span><\/label>\n\t\t\t<input id=\"captcha\" name=\"captcha\" type=\"text\" value=\"\" size=\"30\" maxlength=\"100\" required=\"required\"\/>\n\t\t<\/p>\n\n\t<\/div>\n\n\t\t<input id=\"mail-to\" name=\"mail-to\" type=\"hidden\" value=\"lRmLl5WZ1J3Zucmc1JWbhhGQn5Wal9mLuFWa0NXayh2Y\" \/><input id=\"send-copy\" name=\"send-copy\" type=\"hidden\" value=\"1\" \/>\n\t\t<p class=\"form-submit\">\n\t\t\t<input name=\"submit\" type=\"submit\" id=\"submit\" class=\"submit\" value=\"absenden\"\/>\n\t\t<\/p>\n\t\t<div id=\"form-error\" class=\"bg-danger p-4 text-white\" style=\"display:none;\"><\/div>\n\t<\/form>\n<\/div>\n","protected":false},"excerpt":{"rendered":"<p>Der Mitgliedsbeitrag betr\u00e4gt monatlich 1 Prozent des Nettoeinkommens nach Selbsteinsch\u00e4tzung. Netto ist der Betrag, der nach Steuern und Sozialabgaben bei Dir auf dem Konto ankommt. Das hei\u00dft, der Beitrag wird [&hellip;]<\/p>\n","protected":false},"author":7,"featured_media":0,"parent":0,"menu_order":0,"comment_status":"closed","ping_status":"closed","template":"","meta":{"footnotes":""},"class_list":["post-1948","page","type-page","status-publish","hentry"],"_links":{"self":[{"href":"https:\/\/gruene-bergedorf.de\/index.php\/wp-json\/wp\/v2\/pages\/1948","targetHints":{"allow":["GET"]}}],"collection":[{"href":"https:\/\/gruene-bergedorf.de\/index.php\/wp-json\/wp\/v2\/pages"}],"about":[{"href":"https:\/\/gruene-bergedorf.de\/index.php\/wp-json\/wp\/v2\/types\/page"}],"author":[{"embeddable":true,"href":"https:\/\/gruene-bergedorf.de\/index.php\/wp-json\/wp\/v2\/users\/7"}],"replies":[{"embeddable":true,"href":"https:\/\/gruene-bergedorf.de\/index.php\/wp-json\/wp\/v2\/comments?post=1948"}],"version-history":[{"count":5,"href":"https:\/\/gruene-bergedorf.de\/index.php\/wp-json\/wp\/v2\/pages\/1948\/revisions"}],"predecessor-version":[{"id":1956,"href":"https:\/\/gruene-bergedorf.de\/index.php\/wp-json\/wp\/v2\/pages\/1948\/revisions\/1956"}],"wp:attachment":[{"href":"https:\/\/gruene-bergedorf.de\/index.php\/wp-json\/wp\/v2\/media?parent=1948"}],"curies":[{"name":"wp","href":"https:\/\/api.w.org\/{rel}","templated":true}]}}