{"id":1344,"date":"2025-07-27T23:50:52","date_gmt":"2025-07-27T21:50:52","guid":{"rendered":"https:\/\/gruene-bergedorf.de\/?page_id=1344"},"modified":"2026-04-21T17:58:11","modified_gmt":"2026-04-21T15:58:11","slug":"enja-basener","status":"publish","type":"page","link":"https:\/\/gruene-bergedorf.de\/index.php\/enja-basener\/","title":{"rendered":"Enja Basener"},"content":{"rendered":"\n<div class=\"wp-block-columns no-gap is-layout-flex wp-container-core-columns-is-layout-9d6595d7 wp-block-columns-is-layout-flex\">\n<div class=\"wp-block-column is-layout-flow wp-block-column-is-layout-flow\" style=\"flex-basis:50%\">\n<div class=\"wp-block-cover is-light\"><img fetchpriority=\"high\" decoding=\"async\" width=\"1024\" height=\"683\" class=\"wp-block-cover__image-background wp-image-1665 size-large\" alt=\"\" src=\"https:\/\/gruene-bergedorf.de\/wp-content\/uploads\/2025\/09\/HA905437-1024x683.jpg\" data-object-fit=\"cover\" srcset=\"https:\/\/gruene-bergedorf.de\/wp-content\/uploads\/2025\/09\/HA905437-1024x683.jpg 1024w, https:\/\/gruene-bergedorf.de\/wp-content\/uploads\/2025\/09\/HA905437-300x200.jpg 300w, https:\/\/gruene-bergedorf.de\/wp-content\/uploads\/2025\/09\/HA905437-768x512.jpg 768w, https:\/\/gruene-bergedorf.de\/wp-content\/uploads\/2025\/09\/HA905437-1536x1024.jpg 1536w, https:\/\/gruene-bergedorf.de\/wp-content\/uploads\/2025\/09\/HA905437-2048x1365.jpg 2048w\" sizes=\"(max-width: 1024px) 100vw, 1024px\" \/><span aria-hidden=\"true\" class=\"wp-block-cover__background has-background-dim-0 has-background-dim\"><\/span><div class=\"wp-block-cover__inner-container is-layout-constrained wp-block-cover-is-layout-constrained\">\n<div style=\"height:30rem\" aria-hidden=\"true\" class=\"wp-block-spacer\"><\/div>\n<\/div><\/div>\n\n\n\n<div class=\"wp-block-group has-shadow is-vertical is-layout-flex wp-container-core-group-is-layout-8cf370e7 wp-block-group-is-layout-flex\">\n<figure class=\"wp-block-table is-style-stripes\"><table class=\"has-fixed-layout\"><tbody><tr><td><strong>Funktion<\/strong> Abgeordnete<\/td><\/tr><tr><td><strong>Schwerpunkte<\/strong> Diversit\u00e4t, Gewaltschutz, Strategie<\/td><\/tr><tr><td><strong>Beruf<\/strong> Strategieberaterin<\/td><\/tr><tr><td><strong>Wohnort<\/strong> Bergedorf S\u00fcd<\/td><\/tr><\/tbody><\/table><\/figure>\n\n\n\n<div class=\"wp-block-group is-layout-constrained wp-block-group-is-layout-constrained\">\n<p><strong>Folge mir<\/strong><\/p>\n\n\n\n<ul class=\"wp-block-social-links has-icon-color has-icon-background-color is-layout-flex wp-block-social-links-is-layout-flex\"><li style=\"color:#F5F1E9;background-color:#006E2E;\" class=\"wp-social-link wp-social-link-linkedin has-sand-color has-klee-700-background-color wp-block-social-link\"><a href=\"https:\/\/www.linkedin.com\/in\/enja-basener-9870521a6\" class=\"wp-block-social-link-anchor\"><svg width=\"24\" height=\"24\" viewBox=\"0 0 24 24\" version=\"1.1\" xmlns=\"http:\/\/www.w3.org\/2000\/svg\" aria-hidden=\"true\" focusable=\"false\"><path d=\"M19.7,3H4.3C3.582,3,3,3.582,3,4.3v15.4C3,20.418,3.582,21,4.3,21h15.4c0.718,0,1.3-0.582,1.3-1.3V4.3 C21,3.582,20.418,3,19.7,3z M8.339,18.338H5.667v-8.59h2.672V18.338z M7.004,8.574c-0.857,0-1.549-0.694-1.549-1.548 c0-0.855,0.691-1.548,1.549-1.548c0.854,0,1.547,0.694,1.547,1.548C8.551,7.881,7.858,8.574,7.004,8.574z M18.339,18.338h-2.669 v-4.177c0-0.996-0.017-2.278-1.387-2.278c-1.389,0-1.601,1.086-1.601,2.206v4.249h-2.667v-8.59h2.559v1.174h0.037 c0.356-0.675,1.227-1.387,2.526-1.387c2.703,0,3.203,1.779,3.203,4.092V18.338z\"><\/path><\/svg><span class=\"wp-block-social-link-label screen-reader-text\">LinkedIn<\/span><\/a><\/li><\/ul>\n\n\n\n<div style=\"height:38px\" aria-hidden=\"true\" class=\"wp-block-spacer\"><\/div>\n<\/div>\n<\/div>\n<\/div>\n\n\n\n<div class=\"wp-block-column has-klee-700-background-color has-background is-layout-flow wp-block-column-is-layout-flow\" style=\"flex-basis:50%\">\n<div class=\"wp-block-group has-sand-color has-text-color has-link-color wp-elements-9575fc78587a32785113504d5c2b93df is-layout-constrained wp-block-group-is-layout-constrained\"><h2 class=\"has-link-color wp-elements-bbe23419f69ad9ba52f8b3366d3c48f2 wp-block-post-title has-text-color has-tanne-color has-background has-sand-background-color\">Enja Basener<\/h2>\n\n\n<p>Enja Basener ist direkt gew\u00e4hlte Bezirksabgeordnete f\u00fcr Bergedorf S\u00fcd und lebt dort auch selbst. Bergedorf S\u00fcd ist ein vielf\u00e4ltiger Stadtteil, in dem unterschiedliche Lebensrealit\u00e4ten direkt nebeneinander sichtbar sind. Genau das pr\u00e4gt ihre politische Arbeit: Sie will, dass alle Menschen in Bergedorf sicher leben k\u00f6nnen und strukturelle Benachteiligung nicht als Normalzustand akzeptiert wird.<\/p>\n\n\n\n<p>Zu den GR\u00dcNEN hat sie die \u00dcberzeugung gebracht, dass Klimawandel, soziale Gerechtigkeit und Demokratie nur zusammen gedacht werden k\u00f6nnen. Und dass es nicht reicht, sich \u00fcber Missst\u00e4nde zu \u00e4rgern. Sie wollte selbst Verantwortung \u00fcbernehmen.<\/p>\n\n\n\n<p>In der Bezirksversammlung setzt sie sich f\u00fcr zwei Schwerpunkte ein: Schutz vor geschlechtsspezifischer Gewalt und konsequenten Antirassismus. Sie engagiert sich f\u00fcr verl\u00e4ssliche Schutzstrukturen f\u00fcr Frauen und Kinder in Bergedorf, f\u00fcr Pr\u00e4vention und erreichbare Hilfsangebote. Beim Thema Rassismus arbeitet sie eng mit Forschung zusammen, um strukturelle Diskriminierung sichtbar zu machen und politisch anzugehen. Innerhalb der Fraktion verantwortet sie die strategische Arbeit. Politik bedeutet f\u00fcr sie: im Alltag mit Menschen in Bergedorf sprechen, w\u00e4hlerschafts\u00fcbergreifend und ohne Vorbedingung. Und gleichzeitig faktenbasiert arbeiten, auch dort, wo Erfahrungen wie Gewalt oder Diskriminierung selten offen ausgesprochen werden. Sie glaubt daran, dass Politik dann am st\u00e4rksten \u00fcberzeugt, wenn die Person dahinter sichtbar ist.<\/p>\n<\/div>\n<\/div>\n<\/div>\n\n\n\n<p><\/p>\n","protected":false},"excerpt":{"rendered":"<p>Funktion Abgeordnete Schwerpunkte Diversit\u00e4t, Gewaltschutz, Strategie Beruf Strategieberaterin Wohnort Bergedorf S\u00fcd Folge mir Enja Basener ist direkt gew\u00e4hlte Bezirksabgeordnete f\u00fcr Bergedorf S\u00fcd und lebt dort auch selbst. Bergedorf S\u00fcd ist [&hellip;]<\/p>\n","protected":false},"author":3,"featured_media":0,"parent":0,"menu_order":0,"comment_status":"closed","ping_status":"closed","template":"","meta":{"footnotes":""},"class_list":["post-1344","page","type-page","status-publish","hentry"],"_links":{"self":[{"href":"https:\/\/gruene-bergedorf.de\/index.php\/wp-json\/wp\/v2\/pages\/1344","targetHints":{"allow":["GET"]}}],"collection":[{"href":"https:\/\/gruene-bergedorf.de\/index.php\/wp-json\/wp\/v2\/pages"}],"about":[{"href":"https:\/\/gruene-bergedorf.de\/index.php\/wp-json\/wp\/v2\/types\/page"}],"author":[{"embeddable":true,"href":"https:\/\/gruene-bergedorf.de\/index.php\/wp-json\/wp\/v2\/users\/3"}],"replies":[{"embeddable":true,"href":"https:\/\/gruene-bergedorf.de\/index.php\/wp-json\/wp\/v2\/comments?post=1344"}],"version-history":[{"count":7,"href":"https:\/\/gruene-bergedorf.de\/index.php\/wp-json\/wp\/v2\/pages\/1344\/revisions"}],"predecessor-version":[{"id":2594,"href":"https:\/\/gruene-bergedorf.de\/index.php\/wp-json\/wp\/v2\/pages\/1344\/revisions\/2594"}],"wp:attachment":[{"href":"https:\/\/gruene-bergedorf.de\/index.php\/wp-json\/wp\/v2\/media?parent=1344"}],"curies":[{"name":"wp","href":"https:\/\/api.w.org\/{rel}","templated":true}]}}

<div class="wp-block-columns no-gap is-layout-flex wp-container-core-columns-is-layout-9d6595d7 wp-block-columns-is-layout-flex">
<div class="wp-block-column is-layout-flow wp-block-column-is-layout-flow" style="flex-basis:50%">
<div class="wp-block-cover is-light"><img fetchpriority="high" decoding="async" width="1024" height="683" class="wp-block-cover__image-background wp-image-1665 size-large" alt="" src="https://gruene-bergedorf.de/wp-content/uploads/2025/09/HA905437-1024x683.jpg" data-object-fit="cover" srcset="https://gruene-bergedorf.de/wp-content/uploads/2025/09/HA905437-1024x683.jpg 1024w, https://gruene-bergedorf.de/wp-content/uploads/2025/09/HA905437-300x200.jpg 300w, https://gruene-bergedorf.de/wp-content/uploads/2025/09/HA905437-768x512.jpg 768w, https://gruene-bergedorf.de/wp-content/uploads/2025/09/HA905437-1536x1024.jpg 1536w, https://gruene-bergedorf.de/wp-content/uploads/2025/09/HA905437-2048x1365.jpg 2048w" sizes="(max-width: 1024px) 100vw, 1024px" /><span aria-hidden="true" class="wp-block-cover__background has-background-dim-0 has-background-dim"></span><div class="wp-block-cover__inner-container is-layout-constrained wp-block-cover-is-layout-constrained">
<div style="height:30rem" aria-hidden="true" class="wp-block-spacer"></div>
</div></div>



<div class="wp-block-group has-shadow is-vertical is-layout-flex wp-container-core-group-is-layout-8cf370e7 wp-block-group-is-layout-flex">
<figure class="wp-block-table is-style-stripes"><table class="has-fixed-layout"><tbody><tr><td><strong>Funktion</strong> Abgeordnete</td></tr><tr><td><strong>Schwerpunkte</strong> Diversität, Gewaltschutz, Strategie</td></tr><tr><td><strong>Beruf</strong> Strategieberaterin</td></tr><tr><td><strong>Wohnort</strong> Bergedorf Süd</td></tr></tbody></table></figure>



<div class="wp-block-group is-layout-constrained wp-block-group-is-layout-constrained">
<p><strong>Folge mir</strong></p>



<ul class="wp-block-social-links has-icon-color has-icon-background-color is-layout-flex wp-block-social-links-is-layout-flex"><li style="color:#F5F1E9;background-color:#006E2E;" class="wp-social-link wp-social-link-linkedin has-sand-color has-klee-700-background-color wp-block-social-link"><a href="https://www.linkedin.com/in/enja-basener-9870521a6" class="wp-block-social-link-anchor"><svg width="24" height="24" viewBox="0 0 24 24" version="1.1" xmlns="http://www.w3.org/2000/svg" aria-hidden="true" focusable="false"><path d="M19.7,3H4.3C3.582,3,3,3.582,3,4.3v15.4C3,20.418,3.582,21,4.3,21h15.4c0.718,0,1.3-0.582,1.3-1.3V4.3 C21,3.582,20.418,3,19.7,3z M8.339,18.338H5.667v-8.59h2.672V18.338z M7.004,8.574c-0.857,0-1.549-0.694-1.549-1.548 c0-0.855,0.691-1.548,1.549-1.548c0.854,0,1.547,0.694,1.547,1.548C8.551,7.881,7.858,8.574,7.004,8.574z M18.339,18.338h-2.669 v-4.177c0-0.996-0.017-2.278-1.387-2.278c-1.389,0-1.601,1.086-1.601,2.206v4.249h-2.667v-8.59h2.559v1.174h0.037 c0.356-0.675,1.227-1.387,2.526-1.387c2.703,0,3.203,1.779,3.203,4.092V18.338z"></path></svg><span class="wp-block-social-link-label screen-reader-text">LinkedIn</span></a></li></ul>



<div style="height:38px" aria-hidden="true" class="wp-block-spacer"></div>
</div>
</div>
</div>



<div class="wp-block-column has-klee-700-background-color has-background is-layout-flow wp-block-column-is-layout-flow" style="flex-basis:50%">
<div class="wp-block-group has-sand-color has-text-color has-link-color wp-elements-9575fc78587a32785113504d5c2b93df is-layout-constrained wp-block-group-is-layout-constrained"><h2 class="has-link-color wp-elements-bbe23419f69ad9ba52f8b3366d3c48f2 wp-block-post-title has-text-color has-tanne-color has-background has-sand-background-color">Enja Basener</h2>


<p>Enja Basener ist direkt gewählte Bezirksabgeordnete für Bergedorf Süd und lebt dort auch selbst. Bergedorf Süd ist ein vielfältiger Stadtteil, in dem unterschiedliche Lebensrealitäten direkt nebeneinander sichtbar sind. Genau das prägt ihre politische Arbeit: Sie will, dass alle Menschen in Bergedorf sicher leben können und strukturelle Benachteiligung nicht als Normalzustand akzeptiert wird.</p>



<p>Zu den GRÜNEN hat sie die Überzeugung gebracht, dass Klimawandel, soziale Gerechtigkeit und Demokratie nur zusammen gedacht werden können. Und dass es nicht reicht, sich über Missstände zu ärgern. Sie wollte selbst Verantwortung übernehmen.</p>



<p>In der Bezirksversammlung setzt sie sich für zwei Schwerpunkte ein: Schutz vor geschlechtsspezifischer Gewalt und konsequenten Antirassismus. Sie engagiert sich für verlässliche Schutzstrukturen für Frauen und Kinder in Bergedorf, für Prävention und erreichbare Hilfsangebote. Beim Thema Rassismus arbeitet sie eng mit Forschung zusammen, um strukturelle Diskriminierung sichtbar zu machen und politisch anzugehen. Innerhalb der Fraktion verantwortet sie die strategische Arbeit. Politik bedeutet für sie: im Alltag mit Menschen in Bergedorf sprechen, wählerschaftsübergreifend und ohne Vorbedingung. Und gleichzeitig faktenbasiert arbeiten, auch dort, wo Erfahrungen wie Gewalt oder Diskriminierung selten offen ausgesprochen werden. Sie glaubt daran, dass Politik dann am stärksten überzeugt, wenn die Person dahinter sichtbar ist.</p>
</div>
</div>
</div>



<p></p>

<p>Funktion Abgeordnete Schwerpunkte Diversität, Gewaltschutz, Strategie Beruf Strategieberaterin Wohnort Bergedorf Süd Folge mir Enja Basener ist direkt gewählte Bezirksabgeordnete für Bergedorf Süd und lebt dort auch selbst. Bergedorf Süd ist [&hellip;]</p>
